e
Is -14*((-10)/5)/((-16)/(-1376156)) prime?
False
Suppose 3*m + 182421 = 4*t - 225043, t - 3*m = 101875. Is t a composite number?
False
Let c(l) = l**2 - l - 31. Let t be c(7). Suppose -p + t = 2*n, 3*n = 2*p - 4*p + 21. Suppose -a + 3469 = 4*k - p*k, -10335 = -3*a - 3*k. Is a a prime number?
True
Is (49142/(-16))/(15/(-120)) - 0 a prime number?
True
Let c = 163000 + -101853. Is c a prime number?
False
Suppose -5*s + 114670 = 2*w + 3*w, 7*w = -21. Is s prime?
True
Let c = 136104 + -87001. Is c composite?
False
Let a = -368 - -390. Suppose 0 = a*u - 1800 - 6758. Is u composite?
False
Let c(s) = 1055*s**3 + s**2 + 4*s - 3. Let p be c(2). Suppose -11*f = 6*f - p. Is f composite?
True
Suppose -20 - 10 = -5*f. Suppose -5140 = f*l + 3290. Let c = 946 - l. Is c composite?
False
Suppose 953730 = -9*w + 12*w. Is (1/2)/(5/w*3) composite?
False
Let g = -90 + 386. Let d(x) = x**2 - 7*x - 57. Let i be d(17). Let u = i + g. Is u prime?
True
Suppose 6*o + 18*o = -4*o + 19329268. Is o a composite number?
True
Let v be 16/6*(-72)/(-48). Suppose h = -v*h + 25775. Is h composite?
True
Let s(d) = 23*d + 99. Let v(u) = -u. Let l(h) = -s(h) + 6*v(h). Is l(-10) a prime number?
True
Suppose -2*v - h = 6, -h - 21 = 5*v + 3*h. Let m be -27*v/6*(-2)/(-3). Is m/2*(-13240)/(-60) a composite number?
False
Let d be ((-3)/15)/(-1) - (-7)/(-35). Suppose p - t = -d*p + 4, -3*p = -5*t - 14. Is (-1379 - 2)/(p - 4) composite?
False
Suppose -18*x + 12 = -16*x. Suppose -x = -3*z + g + g, 5*z - 15 = 5*g. Suppose 11*c - 1918 - 11931 = z. Is c a composite number?
False
Let s(k) = -17 + 18*k + 8*k - 35*k - 56*k. Is s(-6) a composite number?
False
Let x = 1180 + -422. Suppose 0 = p - 0 - 6. Is x/6 + 4/p + 0 a composite number?
False
Let i(q) = 7*q**2 - 8*q - 11. Let z(k) = k**3 + 28*k**2 - 31*k - 44. Let b(r) = 9*i(r) - 2*z(r). Is b(-10) a prime number?
True
Let i be (-2)/4*(1 - 1). Suppose 23 = o - 6*p + p, -4*p - 16 = i. Suppose -o*l + 10461 = -3*y, y = -2*l + 1313 + 5661. Is l composite?
True
Let j(p) = -17962*p + 139. Is j(-1) a composite number?
True
Suppose -7*d - 15 = -8*d. Let u be 154 + (d/25)/(1/(-5)). Suppose -422 = -3*a + u. Is a a prime number?
True
Is 8 - 16 - 122130/(3 - 5) composite?
False
Let k = 17 + -14. Let l(y) = 3 + 3*y - 4*y**3 - 3*y - 10*y**2 + 3*y**k. Is l(-10) composite?
False
Suppose 23*p - 31080474 = -7461613. Is p a composite number?
True
Let u be (-3 - -10)*12/4. Is (u/(-9))/(7/(-546)) + 5 a prime number?
False
Suppose 8*d + 15 - 23 = 0. Let j(p) = -1841*p**3 + p**2 + 3*p - 2. Let l be j(d). Let k = -722 - l. Is k a composite number?
False
Let b = 288 + -283. Suppose b*r - 17*r = -22092. Is r a composite number?
True
Let t(u) = -9866*u - 5135. Is t(-47) composite?
False
Suppose -190*a + 2039010 = -4426880. Is a a composite number?
False
Suppose -190 = 3*m + 2*m. Let c = m - -45. Suppose 2690 = c*g - 2*g. Is g a prime number?
False
Is (-11265144)/(-142) - 39/3 a prime number?
True
Let j(g) = -4*g + 80. Let l be j(19). Suppose -45876 = -4*b + l*v, -v = 4*b - 2*v - 45870. Is b a composite number?
False
Suppose 15*o - 519 = 381. Is o/75 + (-382)/(-10) a prime number?
False
Suppose 0 = -2*c - 3*c, 3*k = 4*c + 915. Suppose 0*q + k = 2*x + 3*q, 25 = 5*q. Suppose -457 = -8*b - x. Is b composite?
True
Suppose 20*b + 4713449 = 73*b. Is b prime?
False
Suppose -39*n - 79*n = -2073142. Is n a prime number?
True
Suppose o = 5*o - n - 89906, 2*o - 44944 = -4*n. Suppose 6890 = c + v, 3*v - o = -4*c + 5081. Is c a prime number?
False
Let g(v) = 17*v**2 - 4*v + 40. Let f be (-4)/(-3)*15/10. Let a = 3 + f. Is g(a) composite?
True
Let x(z) = 77887*z + 9396. Is x(23) a composite number?
True
Suppose 7*q - 87539 - 954012 = 0. Is q composite?
False
Suppose 2*a + 10 = 0, -5*a = 3*d - 10*a - 4495. Suppose 2*t - d = 944. Is t a prime number?
True
Is (11 + -4)/14*(743562 + -4) composite?
False
Let d = -4807 - -2895. Let r be d/(-14) + 12/28. Let m = -72 + r. Is m composite?
True
Let v(d) = -29 + 54 + 408*d**2 - 24 + 2*d. Is v(2) prime?
True
Let b = -114377 - -165793. Suppose m + 4 = 0, -5*q + 3679 + b = -5*m. Is q prime?
False
Let k be (-12 - 132/(-12))*-4259*3. Suppose -4*l + 6*l = 0, r + 3*l = k. Is r prime?
False
Let u = 1116 + -447. Suppose -g + u - 22 = 0. Is g a composite number?
False
Let r(t) = t**3 + 11*t**2 + 3*t + 36. Let b be r(-11). Suppose 1255 = -b*x + 8*x. Is x a prime number?
True
Let x = -296276 - -493843. Is x composite?
False
Let r(b) = -3*b - 148. Let j be r(0). Let l be 1 + (j/(-16) - 2/8). Is 3074/l - (-30)/(-75) prime?
True
Suppose 36*u = 2*h + 40*u - 1428, -4*h + 2863 = u. Let f(p) = -40*p**3 + 5*p**2 + 5*p + 3. Let y be f(-3). Let n = y - h. Is n composite?
False
Let q(s) = 119*s**2 - 4*s + 1. Let h be q(2). Let f = 202 - h. Let k = 398 + f. Is k a prime number?
True
Suppose -48 = -2*a + 4*a. Let d be (-910)/(-4) - 12/a. Let r = d - -165. Is r prime?
False
Let w(d) = d**3 - 10*d**2 - 6*d - 4. Let p(q) = q**3 - 9*q**2 - 7*q - 5. Let a(o) = 4*p(o) - 3*w(o). Suppose -17*t + 12*t + 45 = 0. Is a(t) prime?
False
Let l be (0/(-2))/((-6 - -4) + 4). Suppose 4*o - 37240 = -4*g, -4*o - 2*g + 3*g + 37240 = l. Is o/18 + (-2)/9 a prime number?
False
Let p(b) = -724*b**3 - 7*b**2 - 16*b - 7. Let u be p(-4). Suppose -4*m = -3*h - 61708, -4*h + u = 3*m - 5*h. Is m a composite number?
False
Let f(l) = 15554*l - 1327. Is f(6) a prime number?
True
Suppose -34*w + 42*w - 32 = 0. Suppose -2*k = 2*c + c - 38885, 5*k + w*c - 97209 = 0. Is k prime?
True
Let q = 4569 - -801. Suppose -23*d = -28*d + q. Let x = d - -4483. Is x prime?
True
Suppose 0 = -9*a - 63 + 27. Is (14/a)/(((-3)/(-158))/(-3)) composite?
True
Let d = 20 + -14. Let y(g) be the first derivative of 3*g**4/4 + 2*g**3/3 + 6*g**2 + g + 119. Is y(d) a prime number?
False
Let h be (-14)/(-4) - 2 - 63/(-6). Let m be (-2002)/h + (6 - (-74)/(-12)). Let z = m - -748. Is z composite?
True
Suppose 3*s - 12 = -2*t, 4*s + 16 = 8*s - 3*t. Suppose 5600 = s*j + 4*y, -567 = -5*j - 3*y + 6431. Is j a prime number?
True
Let w(l) = -2*l**2 + 24*l - 18. Let z be w(11). Let j be (-4913547)/27 + z + (-6)/(-27). Is 4/(-30) + j/(-105) a prime number?
True
Let m(b) = -14*b**3 + b - 1. Let n be m(1). Let h(p) be the third derivative of -p**6/120 - p**5/5 - 17*p**4/24 + p**3/6 + 144*p**2. Is h(n) a composite number?
False
Suppose 60873 = -12*z + 36597 + 1467600. Is z a prime number?
True
Let d = -536 + 531. Is (((-140730)/(-8))/d)/((-6)/16) a composite number?
True
Suppose 0 = 2*d - v - 1791, 4*d = v - 573 + 4162. Is d composite?
True
Let k(w) = -4*w + 32. Let y be k(4). Suppose -y = 3*h - 4, 2*u + 5*h - 48474 = 0. Is u prime?
True
Let a(g) = -6*g**3 + g**2 + 52*g + 32. Is a(-19) composite?
False
Let h(q) = -10*q + 3*q - 7 + 8 + 630*q**3 - 245*q**2 + 248*q**2. Is h(2) composite?
False
Let a = -152512 - -255099. Is a composite?
False
Let r be 1 - (-3)/1 - 1. Let z(j) = -7*j**r + 4 - 9*j + 2*j**2 + 11*j + 0*j**2. Is z(-3) a prime number?
False
Is 45 - (10 - -37) - 6*-372754 composite?
True
Let k(q) = -786801*q + 1063. Is k(-2) a prime number?
False
Suppose 1506 = 7*u + 190. Is (5 - u/8)/((-2)/116) a composite number?
True
Suppose 2*u = -2*w + 75952, 4*w - 18 + 38 = 0. Is u composite?
True
Suppose -k + 6 = 4*s, 0*k + s + 39 = 2*k. Suppose k*t + 23013 = 99027. Is t composite?
True
Suppose -22*b + 120 = -16*b. Let o = 4 - 3. Is (3 + b/(-8))*o*674 prime?
True
Let r = 34200 - 10483. Is r prime?
False
Let q(h) = -39*h**3 + 3*h**2 + 3*h + 9. Let r be q(-3). Suppose 9*m - 720 = r. Let a = 997 - m. Is a a composite number?
False
Suppose 2*v - 6*v - 4*c = 16, 2*c = -4. Is 4 + 1647*(-2)/v a composite number?
True
Is -1*(-194878)/2 - (-8)/4 composite?
False
Suppose -3*o = 5*d - 20, -16*d + 15*d = -4*o - 4. Suppose 2*b = -4*i + 38130, 3*i - 9053 - 19550 = d*b. Is i prime?
True
Suppose 2*q - z - 1026 = 0, 11*z - 12*z - 2054 = -4*q. Let o = 185 + q. Is o a composite number?
True
Let z = 276 - 267. Suppose -5*i = l + l - 37471, -3*l = -z. Is i a composite number?
True
Suppose 4*m + 4237555 = 4*i - 11042397, 3*i - 11459901 = -4*m. Is i a prime number?
True
Let z = 10203 + -3770. Is z prime?
False
Let k = 565066 + -307137. Is k a composite number?
True
Is (-3364852)/(-52) + (-32)/(-104) a composite number?
False
Let h(a) = -a + 3. Let d be h(11). Let r(y) = 4*